 - 202 = -h*k, -4*s - k - k = -270. What is the units digit of s?
8
Suppose -80*d + 2912 = -64*d. What is the hundreds digit of 2/13 + (12 - (-141386)/d)?
7
Let r(o) = 139*o**2 - 5*o - 2. Let w be r(2). Let a = 87 + w. Suppose -9*c + a = -314. What is the hundreds digit of c?
1
What is the units digit of (20/(-40))/(9/(-32706))?
7
Let o(a) = 345*a**2 - 22*a - 10. What is the tens digit of o(6)?
7
Let n(p) = 2*p**3 - 22*p**2 - 32*p - 3. Let l(z) = -5*z**3 + 65*z**2 + 96*z + 8. Let k(g) = -3*l(g) - 8*n(g). What is the tens digit of k(-18)?
5
Suppose -5*x + 156 = -1414. Suppose 13*f - 2*f = -2376. Let h = x + f. What is the tens digit of h?
9
Suppose -6*f - 7610 = 6670. Let g = -1161 - f. What is the tens digit of g?
1
Suppose z + 140285 = -357*y + 361*y, z = -5. What is the hundreds digit of y?
0
Let s(l) = 259*l - 1106. What is the hundreds digit of s(24)?
1
Let y be 1 + 2 + ((-1)/1 - -17). Suppose -2*b = 2*i + y + 17, b + 78 = -4*i. What is the units digit of i/(1/(-18)*4)?
0
Let v = 32 - 73. Let r be (-2 + (-644)/35)/(2/(-5)). Let x = v + r. What is the tens digit of x?
1
Let u(i) = -57*i + 121. Let y(t) = 8*t + 34. Let p be y(-5). Let m(q) = 29*q - 60. Let z(r) = p*u(r) - 11*m(r). What is the units digit of z(8)?
8
Suppose -k - 5 = -10. Let d(c) = 6*c**2 + 5*c - k*c**2 + 8*c + 19 + 5. What is the units digit of d(-14)?
8
Suppose -3*w + 4*z + 17298 = 0, 511*z - 17301 = -3*w + 514*z. What is the tens digit of w?
7
Suppose 3*v - 4*p = -2*v + 109, 0 = -p - 1. Suppose 0 = -2*b + v - 13. What is the units digit of -12*((-117)/6 + b)?
6
Let n(v) = 4613*v**2 + 18*v + 55. What is the units digit of n(-2)?
1
Let i be 4 - (7/5 - 6/15). Suppose 0 = 4*g + 2*k - 7 - 7, -2*k - 7 = -i*g. What is the tens digit of ((g/(-2))/3)/((-3)/1170)?
9
Let v = 248 + 1162. Suppose -19577 + v = -37*j. What is the tens digit of j?
9
Let w be (32/(-10))/4*-5. Let l = -349 + 520. Suppose -i - l = -w*i. What is the units digit of i?
7
Let h be -1 + 5 + -1 + 7101. Suppose -7*v + 2157 + h = 0. Suppose 5*l + 2*l = v. What is the units digit of l?
9
Let w(k) = -499*k - 3605. What is the units digit of w(-34)?
1
Let b(z) = 3*z - 2. Let n be b(12). Suppose 4*i - 35 = -x, -5*i - x = -3*x - n. What is the tens digit of (-148)/(-10)*(i - 3)?
7
Suppose 3*j = -431 + 437. What is the tens digit of (5 - j)/((-30)/(-1190))?
1
Let l(y) = -y + 23*y + 3*y**2 + 453 - 217. What is the tens digit of l(-21)?
9
Let i(m) = 28*m**2 + 5. Let q(k) = k**2 - k + 1. Let x(d) = i(d) - 2*q(d). Let l be x(2). Let f = 0 + l. What is the units digit of f?
1
Let f(b) = 11*b**2 - 44*b + 131. What is the hundreds digit of f(24)?
4
Let k(f) = 28*f + 17. Suppose 4*b = 5*t - 35, -5*t + 2*b + 3*b + 30 = 0. What is the hundreds digit of k(t)?
3
Let o(p) = -5*p - 15. Let q be -7 + 2 + (0 - 3 - -4). Let j be o(q). Suppose 8*s = j*s + 261. What is the units digit of s?
7
Let l = 14110 - 2814. What is the ten thousands digit of l?
1
Let s = -338 - -336. What is the units digit of 20/(-15)*(1873/s - -2)?
6
Suppose -11*f + 16*f = 1590. Suppose 247 = -317*v + f*v. What is the units digit of v?
7
Let s(v) = 9264*v + 77. What is the units digit of s(2)?
5
Suppose -4*h + 9 = 29, 71 = 3*v - h. Suppose -12 = -3*a, 84 = 5*c - 4*c + 2*a. What is the tens digit of ((-11)/v)/((-2)/c)?
1
Let l(j) = -j**3 + 35*j**2 + 407*j + 70. What is the thousands digit of l(43)?
2
Let a(u) = u - 1. Let f(i) = 3*i - 4. Let z(y) = 11*a(y) - 4*f(y). Let p be z(0). Suppose 0 = 3*d + 12, -j = -p*j + 5*d + 56. What is the units digit of j?
9
Suppose -7*u = 5 - 40. Suppose u*b = -44 - 1. Let h(v) = v**2 + 2*v + 3. What is the tens digit of h(b)?
6
Suppose -5*n + 397 - 82 = 0. Let a = n - 49. Suppose 0 = -a*g + 2210 - 684. What is the tens digit of g?
0
Suppose -1744 = -45*u + 44*u. Let b = -458 + u. What is the tens digit of b?
8
Let q = 19839 - -769. What is the hundreds digit of q?
6
Let x = 62 - 59. Let t(z) = 28*z**2 - 11*z + 14. What is the tens digit of t(x)?
3
Let p = 45 + -53. Let w be p/6*696/(-1). Suppose -7*h - h = -w. What is the hundreds digit of h?
1
Suppose 330446 = -8*s + 6*s + 36*s. What is the hundreds digit of s?
7
Let m(a) = -a**3 + 11*a**2 + 11*a - 21. Let v be -5*10/300 + (-134)/(-12). What is the units digit of m(v)?
0
Suppose 12 = 8*a - 5*a, -2*t + 272 = -5*a. Let c = t - -459. What is the units digit of c?
5
Let m(h) = -32*h - 10. Let q be m(-7). Let o be (-2 + 5)/(-12*(-3)/1176). Suppose -q = -3*g + o. What is the units digit of g?
4
Suppose 13944 = 14*d - 24274 - 24670. What is the hundreds digit of d?
4
Let t = 1 - 29. Suppose 0 = -3*a - k + 3, -4*a - 1 = 2*k - 3. What is the units digit of (34/(-4))/(a/t)?
9
What is the tens digit of 3*(-3)/3 - 49/((-294)/18540)?
8
Let p = -85 - -158. Suppose -p = -10*k - 3. Suppose 745 - 45 = k*m. What is the hundreds digit of m?
1
Let l(i) = 154*i**3 + 4*i**2 + 90*i - 270. What is the thousands digit of l(3)?
4
Suppose 0 = -5*u - 3*d - 28, 16*u + 60 = 11*u + 5*d. What is the units digit of (-15405)/(-26) + 4/u?
2
Suppose 0 = 4*j - 19 - 1. Suppose 2021 = 3*t - j*v, 738 = 2*t - 2*v - 608. What is the units digit of t?
2
Let c = -7 + 7. Suppose -5*j = -290 - c. Let z = j - 25. What is the tens digit of z?
3
Let p(x) be the first derivative of 1/3*x**3 + 39 + 60*x + 1/2*x**2 + 1/4*x**4. What is the tens digit of p(0)?
6
Let l = -11246 - -11240. Let w be (-4 - 0/1)*-2. What is the tens digit of (-17)/4*(w + 10*l)?
2
Suppose 3*n + 373315 = 8*n - 5*p, -2*n = p - 149311. What is the ten thousands digit of n?
7
Suppose j = 3*v - j - 137, 0 = -5*v + 2*j + 223. What is the tens digit of v/(11/(-6) - -2) + 2?
6
Let z(j) = 12*j + 50. Let v = -7 - -10. What is the units digit of z(v)?
6
Let t = -1878 + 17238. What is the thousands digit of t?
5
Let z be (-2)/(-1)*(-330)/44. What is the hundreds digit of z/(3 + 1/((-13)/40))?
1
Let y(a) = a**2 + 8*a + 19. Let t be y(-4). Suppose -j = 4, 589 = t*i - j - 18. What is the hundreds digit of i?
2
Suppose -16*n + 136 = n. Let q be (23/(-4) - 3)/(1/n). Let u = q - -251. What is the tens digit of u?
8
Let i = 238 + -298. What is the thousands digit of ((-1444)/(-16)*-1)/(5/i)?
1
Let c(z) = -3*z - 40. Let o(i) = -i**3 + 7*i**2 - 8*i - 4. Let n be o(6). What is the units digit of c(n)?
8
Suppose 3*h = -2*w + 68724, -3*w - h + 69979 + 33128 = 0. What is the tens digit of w?
7
Suppose 5*b - b + 448 = 0. Suppose 4*v + 2*m = 12, 2*v - 2*m + 14 = 2*m. What is the hundreds digit of -3 - b - (1 - v)?
1
Suppose 0 = 6*c - 337 - 401. Let w = c - 477. Let d = -226 - w. What is the units digit of d?
8
Let h = -29 + 33. Suppose 5*r - 4388 = -h*k, 5*r - 2*k - 4374 = k. Suppose -q + 4*q = r. What is the units digit of q?
2
Let d(l) = l**3 + 30*l**2 - 15*l + 234. What is the units digit of d(-30)?
4
Let l be (-78)/(-8)*(0 - (-27 - -15)). Suppose 2*g + 139 + 57 = 0. Let c = l + g. What is the tens digit of c?
1
Let g(k) = -k**2 + 6*k + 7. Let m be g(6). Let d(a) = 4*a + 8. Let o be d(m). Suppose -4*p = -7*p + o. What is the tens digit of p?
1
Let f = -1062 - -2036. Suppose -2*c - 13*j = -11*j - 1310, -2*c - j + 1314 = 0. Let m = f - c. What is the units digit of m?
5
Let i(g) = g**3 - 5*g**2 - 38*g + 19. Let d be i(9). Let t(n) = 195*n + 23. What is the hundreds digit of t(d)?
2
Let v(d) = d**3 + 34*d**2 + 24*d - 107. Let t be v(-34). Let f = -587 - t. What is the hundreds digit of f?
3
Let m(x) = -x**3 + 12*x**2 + 14*x - 13. Let c be m(13). Suppose t + c*t = -y + 58, -5*t = 2*y - 287. Let u = 61 - t. What is the units digit of u?
4
Let f be ((-6)/18)/((-2)/12). Let i = f - -3. Suppose -152 = -5*d - 5*a + 4*a, i*d - 160 = -5*a. What is the tens digit of d?
3
Suppose t = -4*j + 37005, -8*t + 46256 = 5*j - 7*t. What is the units digit of j?
1
Suppose -a = -0*a - 5, 4*w - 40 = 4*a. Let h be (2 - (-40)/w)*63. Suppose 3*q - h = -3*l, -6*l = -l - 3*q - 498. What is the tens digit of l?
9
Let k(q) = -2*q - 54*q**2 + 22 + 108*q**2 - 57*q**2. Let g be k(8). Let l = -60 - g. What is the hundreds digit of l?
1
Let t = 14448 + -8257. What is the thousands digit of t?
6
Suppose 65*x - 21*x = 1022560. What is the thousands digit of x?
3
Suppose -42 = 4*y - 2*y - 2*l, 4*y = -2*l - 72. Let k = y - -199. What is the hundreds digit of k?
1
Let y be (1/(-2))/(1/(-74)). Let g(d) = -2*d**3 - d**2 